{"id":3,"date":"2019-11-13T01:07:56","date_gmt":"2019-11-12T23:07:56","guid":{"rendered":"https:\/\/reus.manyanet.org\/cros\/?page_id=3"},"modified":"2023-11-15T01:31:35","modified_gmt":"2023-11-14T23:31:35","slug":"avis-legal","status":"publish","type":"page","link":"https:\/\/reus.manyanet.org\/cros\/avis-legal\/","title":{"rendered":"Av\u00eds legal"},"content":{"rendered":"<h4>AV\u00cdS LEGAL WEB DEL SEGURETAT DEL COL\u00b7LEGI PARE MANYANET DE REUS<\/h4>\n<p><strong>1. IDENTIFICACI\u00d3 DEL TITULAR DEL DOMINI<\/strong><br \/>\nD\u2019acord amb el que disposa l\u2019article 10 de la Llei 34\/2002, de 11 de juliol, de Serveis de la Societat de la Informaci\u00f3 i del Comer\u00e7 Electr\u00f2nic,<\/p>\n<p>Us informem:<br \/>\nEl titular de la web \u00e9s el Col\u00b7legi Pare Manyanet de Reus, amb domicili al C \/ Pare Manyanet no 25, 43205, Reus (Tarragona), CIF: R4300068F, inscrit al Registre de la Generalitat de Catalunya.<br \/>\nTel\u00e8fon: +34 977 330 832<br \/>\nCorreu electr\u00f2nic de contacte: secretaria@reus.manyanet.org Dades de l\u2019autoritzaci\u00f3 administrativa: 2021080161<\/p>\n<p><strong>2. &#8211; PRIVACITAT I TRACTAMENT DE LA INFORMACI\u00d3<\/strong><br \/>\n<strong>2.1. &#8211; DRET D\u2019INFORMACI\u00d3<\/strong><br \/>\nD\u2019acord amb el que disposa l\u2019article 11 de la Llei Org\u00e0nica 3\/2018, de 5 de desembre, de Protecci\u00f3 de Dades Personals i garantia dels drets digitals (en endavant LOPDGDD) i l\u2019article 13 del Reglament General de Protecci\u00f3 de Dades 2016\/679 us informem de:<br \/>\n<strong>2.1.1. &#8211; Identificaci\u00f3 de responsables:<\/strong><br \/>\nEl responsable del tractament \u00e9s el Col\u00b7legi Pare Manyanet de Reus amb les dades de contacte que consten a l\u2019apart 1 d\u2019aquest av\u00eds.<br \/>\nEl Delegat de Protecci\u00f3 de Dades \u00e9s s CIPDI, Tratamiento de la Informaci\u00f3n S.L. Podeu contactar amb el delegat al correu electr\u00f2nic consultas@cipdi.com<br \/>\n<strong>2.1.2. &#8211; Finalitats de tractament i base jur\u00eddica<\/strong><br \/>\n<strong>2.1.2.1. &#8211; Finalitat general<\/strong><br \/>\nLes dades que ens faciliteu als formularis que trobareu a la web, les que ens envieu a la nostra adre\u00e7a de correu electr\u00f2nic i les que es puguin generar mentre mantingueu relaci\u00f3 amb el responsable del tractament s\u2019incorporaran, tal com ens les cediu, a una base de dades titularitat del responsable del tractament.<br \/>\nFarem servir les dades per prestar-vos els serveis que ens demaneu i per enviar informaci\u00f3 de les nostres activitats per correu electr\u00f2nic o adre\u00e7a postal.<br \/>\nLa base jur\u00eddica d\u2019aquest tractament ser\u00e0 la relaci\u00f3 contractual que mantingueu amb el responsable del tractament i el consentiment que atorgueu en acceptar aquest av\u00eds.<br \/>\n<strong>2.1.2.2. &#8211; Tractament d\u2019imatges.<\/strong><br \/>\nEl Col\u00b7legi Pare Manyanet documenta els esdeveniments de car\u00e0cter p\u00fablic que organitza amb fotografies i v\u00eddeos amb la finalitat de fer-ne difusi\u00f3 a la seva web o dem\u00e9s espais de difusi\u00f3 p\u00fablica d\u2019informaci\u00f3 com s\u00f3n: la pr\u00f2pia web, les xarxes socials on el titular del domini disposi de perfil creat i publicacions a pr\u00f2pies o a premsa. Pot obtenir m\u00e9s informaci\u00f3 sobre aquest apartat consultant la web del Col\u00b7legi Pare Manyanet o contactant amb el DPO.<br \/>\nEl tractament d\u2019aquestes imatges est\u00e0 legitimat amb el consentiment dels afectats o en aplicaci\u00f3 de l\u2019article 8 de la LO 1\/1982 de protecci\u00f3 del dret a l\u2019honor, la intimitat i la pr\u00f2pia imatge.<br \/>\n<strong>2.1.3. &#8211; Categories de destinataris.<\/strong><br \/>\nPer donar compliment a les anteriors finalitats tindran acc\u00e9s a les seves dades:<br \/>\n\u2022 El personal degudament autoritzats per la direcci\u00f3 del responsable del tractament.<br \/>\n\u2022 Els prove\u00efdors necessaris per donar compliment a la seva demanda.<br \/>\n\u2022 L\u2019administraci\u00f3 p\u00fablica en l\u2019\u00e0mbit de les seves compet\u00e8ncies. Pot ampliar aquesta informaci\u00f3 consultant al DPO<br \/>\n<strong>2.1.4. &#8211; Transfer\u00e8ncia internacional de dades.<\/strong><br \/>\nPer a desenvolupar les seves funcions el responsable del tractament no cedeix, ni diposita dades fora de la Uni\u00f3 Europea.<br \/>\n<strong>2.1.5. &#8211; Termini de conservaci\u00f3 de la informaci\u00f3.<\/strong><br \/>\nEl responsable del tractament conservar\u00e0 la seva informaci\u00f3 mentre no revoqui el consentiment atorgat en acceptar aquesta cl\u00e0usula.<br \/>\n<strong>2.1.6. &#8211; Drets com a afectat<\/strong><br \/>\nTeniu dret a accedir, rectificar, suprimir, oposar-vos a que les vostres dades es tractin, a limitar el tractament, a demanar la portabilitat de les dades, a no ser sotm\u00e8s a decisions individuals automatitzades i a revocar el consentiment que atorgueu.<br \/>\nPer exercir aquests drets podeu dirigir-vos per escrit a C\/ Pare Manyanet no 25, 43205, Reus (Tarragona), o b\u00e9, contactar per tel\u00e8fon al +34 977 330 832, o enviar un correu electr\u00f2nic a l\u2019adreca secretaria@reus.manvanet.orq amb el text \u201cPROTECCI\u00d3 DE DADES\u201d a l\u2019assumpte.<br \/>\n<strong>2.1.7. &#8211; Dret de reclamaci\u00f3.<\/strong><br \/>\nL\u2019organisme competent per con\u00e8ixer de la correcta aplicaci\u00f3 de les normes sobre tractament de la informaci\u00f3 \u00e9s l\u2019Autoritat Espanyola de Protecci\u00f3 de Dades, amb domicili al Carrer Jorge Juan n. 6 de Madrid.<br \/>\n<strong>2.1.8. &#8211; Obligacions de l\u2019afectat.<\/strong><br \/>\nL\u2019afectat ha d\u2019aportar informaci\u00f3 vera\u00e7 i actualitzada en tots els processos de recollida de dades, sent ell l\u2019\u00fanic responsable de la vulneraci\u00f3 d\u2019aquesta obligaci\u00f3.<br \/>\nAls formularis de recollida de dades estan marcades les dades que s\u00f3n obligat\u00f2ries aportar, en funci\u00f3 de la demanda que faci l\u2019afectat. La manca de l\u2019aportaci\u00f3 d\u2019aquetes dades pot suposar la impossibilitat de participar de l\u2019activitat o proporcionar el servei que es demana.<br \/>\n<strong>2.1.9. &#8211; Elaboraci\u00f3 de perfils<\/strong><br \/>\nPer a l\u2019acompliment dels objectius del responsable del tractament i, sobretot, per fer una atenci\u00f3 m\u00e9s personalitzada, acurada i efica\u00e7 de l\u2019usuari, de vegades, \u00e9s necessari elaborar perfils dels destinataris dels serveis. En cap cas, l\u2019elaboraci\u00f3 del perfil es fa de manera exclusivament automatitzada.<br \/>\n<strong>2.2. CONSENTIMENT DE L\u2019USUARI<\/strong><br \/>\nS\u2019ent\u00e9n que l\u2019usuari accepta les condicions establertes si prem el bot\u00f3 \u2018ACCEPTAR\u2019 que es troba en tots els formularis de recollida de dades, o si envia un missatge per correu electr\u00f2nic.<br \/>\nLes dades personals es desen a la base de dades general d\u2019administraci\u00f3 del Col\u00b7legi Pare Manyanet de Reus que, en tot cas, garanteix les mesures t\u00e8cniques i organitzatives per a preservar la integritat i la seguretat de la informaci\u00f3 que tracta.<br \/>\n<strong>2.3. SEGURETAT<\/strong><br \/>\nLa base de dades general est\u00e0 dotada del preceptiu document de seguretat i ha establert tots els mitjans t\u00e8cnics al seu abast per evitar la p\u00e8rdua, mal \u00fas, alteraci\u00f3, acc\u00e9s no autoritzat i robatori de les dades que ens faciliteu. El tractament de les dades personals est\u00e0 ajustat a la normativa establerta en la Llei Org\u00e0nica 3\/2018 de protecci\u00f3 de dades i garantia dels drets digitals i el Reglament (UE) 2016\/679 del Parlament Europeu i del Consell, de 27 de abril de 2016.<br \/>\n<strong>2.4. &#8211; COOKIES I RECOLLIDA DE DADES ESTAD\u00cdSTIQUES<\/strong><br \/>\nLa navegaci\u00f3 d&#8217;un usuari per aquesta web deixa com a rastre l&#8217;adre\u00e7a IP que li ha estat assignada pel seu prove\u00efdor d&#8217;acc\u00e9s a Internet. Nom\u00e9s es fa servir aquesta adre\u00e7a per a fins exclusivament interns, com s\u00f3n les estad\u00edstiques d&#8217;acc\u00e9s al Portal.<br \/>\nPer a la utilitzaci\u00f3 d&#8217;aquesta web, \u00e9s possible que s&#8217;utilitzin cookies. Les cookies que es puguin utilitzar s&#8217;associen \u00fanicament amb el navegador d&#8217;un ordinador determinat (un usuari an\u00f2nim), i no proporcionen per si mateixes cap dada personal de l&#8217;usuari. Aquesta web pot utilitzar els seg\u00fcents tipus de galetes:<br \/>\n&#8211; Cookies d&#8217;an\u00e0lisi: permeten quantificar el nombre d&#8217;usuaris i aix\u00ed realitzar el mesurament i an\u00e0lisi estad\u00edstic de la utilitzaci\u00f3 i activitat que fan els usuaris de la nostra p\u00e0gina web, aix\u00ed com elaborar de perfils de navegaci\u00f3 dels usuaris en aquestes p\u00e0gines i en les nostres aplicacions, tot aix\u00f2 amb la finalitat d&#8217;introduir millores.<br \/>\n&#8211; Cookies t\u00e8cniques: permeten a l&#8217;usuari la navegaci\u00f3 a trav\u00e9s de la p\u00e0gina web i la utilitzaci\u00f3 de les diferents opcions o serveis que en ella existeixen com, per exemple, controlar el tr\u00e0nsit i la comunicaci\u00f3 de dades, identificar la sessi\u00f3, accedir a parts d&#8217;acc\u00e9s restringit, recordar els elements que integren una comanda, realitzar el proc\u00e9s de compra d&#8217;una comanda, realitzar la sol\u00b7licitud d&#8217;inscripci\u00f3 o participaci\u00f3 en un esdeveniment, utilitzar elements de seguretat durant la navegaci\u00f3 o emmagatzemar, difondre i \/ o compartir continguts.<br \/>\nL&#8217;usuari t\u00e9 la possibilitat de configurar el seu navegador per ser avisat en pantalla de la recepci\u00f3 de cookies i per evitar la seva instal\u00b7laci\u00f3 en el seu disc dur. Tots els navegadors permeten fer canvis amb la finalitat de desactivar la configuraci\u00f3 de les galetes. Aquests ajustaments es troben ubicats en les &#8220;opcions&#8221; o &#8220;prefer\u00e8ncies&#8221; del men\u00fa del seu navegador. A continuaci\u00f3 podr\u00e0 trobar els links de cada navegador per desactivar les cookies seguint les instruccions: Explorer Fi refox Chrome Safari Opera<br \/>\nL&#8217;informem, per\u00f2, que hi ha la possibilitat de que la desactivado d&#8217;alguna galeta impedeixi o dificulti la navegaci\u00f3 o la prestaci\u00f3 dels serveis oferts en aquesta web.<br \/>\n<strong>2.5. &#8211; US D\u2019ADRECES IP<\/strong><br \/>\nPer facilitar la recerca de recursos que creiem que s\u00f3n del seu inter\u00e8s, pot trobar en aquesta web enlla\u00e7os a altres p\u00e0gines.<br \/>\nAquesta pol\u00edtica de privacitat nom\u00e9s \u00e9s d&#8217;aplicaci\u00f3 a aquest web. El responsable del tractament no garanteix el compliment d&#8217;aquesta pol\u00edtica en altres webs, ni es fa responsable dels accessos mitjan\u00e7ant enlla\u00e7os des d\u2019aquest lloc.<\/p>\n<p><strong>3. NORMES D\u2019\u00daS DEL PORTAL<\/strong><br \/>\nQui accedeixi i faci servir aquest lloc web, tindr\u00e0 la consideraci\u00f3 d\u2019usuari. L\u2019usuari pel sol fet de ser-ho, accepta totes les condicions d\u2019\u00fas.<br \/>\n<strong>3.1. GEN\u00c8RIQUES<\/strong><br \/>\nEst\u00e0 prohibit publicar en aquesta web, als nostres blogs, i dem\u00e9s eines de participaci\u00f3 de continguts que atemptin contra els seg\u00fcents principis:<br \/>\na) La salvaguarda de l\u2019ordre p\u00fablic, la investigaci\u00f3 penal, seguretat p\u00fablica i defensa nacional.<br \/>\nb) La protecci\u00f3 de la salut p\u00fablica o de les persones f\u00edsiques que tinguin la condici\u00f3 de consumidors o usuaris.<br \/>\nc) El respecte a la dignitat de la persona i al principi de no discriminaci\u00f3 per motius de ra\u00e7a, sexe, opini\u00f3, nacionalitat, discapacitat o qualsevol altra circumst\u00e0ncia personal o social.<br \/>\nd) La protecci\u00f3 de la joventut i de la inf\u00e0ncia.<br \/>\ne) El respecte a l\u2019autonomia de la voluntat de l\u2019afectat.<br \/>\nf) El respecte a la propietat intel\u00b7lectual d\u2019all\u00f2 publicat.<br \/>\ng) En general, el respecte a la legalitat vigent.<br \/>\n<strong>3.2. PARTICULARS<\/strong><br \/>\nL\u2019usuari assumeix la responsabilitat de l\u2019\u00fas del portal. Aquesta responsabilitat s\u2019est\u00e9n al registre que fos necessari per accedir a determinats serveis o continguts. L\u2019usuari ser\u00e0 responsable d\u2019aportar informaci\u00f3 vera\u00e7 i l\u00edcita en el proc\u00e9s de registre.<br \/>\nL\u2019usuari es compromet a fer un \u00fas adequat dels continguts i serveis que el titular del domini ofereix a trav\u00e9s dels seus websites i eines de participaci\u00f3; amb car\u00e0cter enunciatiu per\u00f2 no limitador, tamb\u00e9 es compromet a no fer-les servir per a:<br \/>\n\u2022 Provocar danys als sistemes f\u00edsics i l\u00f2gics del responsable del tractament, dels seus prove\u00efdors o de terceres persones, introduir o difondre a la xarxa virus inform\u00e0tics o qualsevol altre sistema f\u00edsic o l\u00f2gic que sigui susceptible de provocar danys.<br \/>\n\u2022 Intentar accedir i, si s\u2019escau, utilitzar els comptes de correu electr\u00f2nic d\u2019altres usuaris i modificar o manipular els seus missatges.<br \/>\nEl titular del domini es reserva el dret de retirar tots els comentaris i aportacions que vulnerin el respecte a la dignitat de la persona, que siguin discriminatoris, xen\u00f2fobs, racistes, pornogr\u00e0fics, que atemptin contra les persones, especialment, contra els interessos de la joventut o de la inf\u00e0ncia, l\u2019ordre o la seguretat p\u00fablica o que, no resultessin adequats per a la seva publicaci\u00f3 a criteri de la direcci\u00f3 del centre.<br \/>\nEn qualsevol cas, el titular del domini no \u00e9s responsable de les opinions manifestades pels usuaris a trav\u00e9s dels f\u00f2rums, xats, o altres eines de participaci\u00f3.<br \/>\n<strong>3.3. \u00daS DE CONTRASENYES.<\/strong><br \/>\nPer accedir a determinats continguts cal introduir un codi d\u2019usuari i una contrasenya. Si no en disposeu d\u2019una, podeu demanar-la a la secretaria de l\u2019escola.<br \/>\nUs informem que les contrasenyes s\u00f3n personals i intransferibles. L\u2019usuari \u00e9s l\u2019\u00fanic responsable de les conseq\u00fc\u00e8ncies que es puguin derivar de l\u2019\u00fas de la seva contrasenya.<br \/>\nPer a qualsevol incid\u00e8ncia amb les contrasenyes podeu contactar amb la secretaria de l\u2019escola.<\/p>\n<p><strong>4. PROPIETAT INTEL\u00b7LECTUAL I INDUSTRIAL<\/strong><br \/>\nEl titular del domini \u00e9s titular de tots els drets de propietat intel\u00b7lectual i industrial de les seves p\u00e0gines web, com tamb\u00e9 ho \u00e9s de tot el seu contingut, de manera que tota reproducci\u00f3, distribuci\u00f3 i comunicaci\u00f3 p\u00fablica total o parcial del seu contingut queda expressament prohibida sense l\u2019autoritzaci\u00f3 expressa de la direcci\u00f3 del centre.<\/p>\n<p><strong>5. RESPONSABILITAT<\/strong><br \/>\nEl titular del domini no es fa responsable dels danys i perjudicis que es puguin derivar d\u2019interfer\u00e8ncies o avaries telef\u00f2niques, desconnexions en el sistema electr\u00f2nic, pres\u00e8ncia de virus inform\u00e0tics, programes maliciosos o qualsevol altre factor ali\u00e8 al seu control.<br \/>\nEl titular del domini es reserva l\u2019exercici de les accions legals que corresponguin contra els que vulnerin aquestes condicions.<\/p>\n<p><strong>6. MODIFICACIONS DE LES PRESENTS CONDICIONS I VIG\u00c8NCIA<\/strong><br \/>\nEl titular del domini pot modificar aquestes condicions en qualsevol moment, sense av\u00eds previ, publicant les seves modificacions tal com apareixen.<\/p>\n<p><strong>7. LEGISLACI\u00d3 APLICABLE I JURISDICCI\u00d3<\/strong><br \/>\nLa relaci\u00f3 entre el titular del domini i l\u2019usuari es regir\u00e0 per la normativa espanyola vigent i qualsevol controv\u00e8rsia se sotmetr\u00e0 als Jutjats i tribunals que correspongui a Reus.<\/p>\n","protected":false},"excerpt":{"rendered":"<p>AV\u00cdS LEGAL WEB DEL SEGURETAT DEL COL\u00b7LEGI PARE MANYANET DE REUS 1. IDENTIFICACI\u00d3 DEL TITULAR DEL DOMINI D\u2019acord amb el que disposa l\u2019article 10 de la Llei 34\/2002, de 11 de juliol, de Serveis de la Societat de la Informaci\u00f3 i del Comer\u00e7 Electr\u00f2nic, Us informem: El titular de la web \u00e9s el Col\u00b7legi Pare [&hellip;]<\/p>\n","protected":false},"author":1,"featured_media":0,"parent":0,"menu_order":10,"comment_status":"closed","ping_status":"closed","template":"","meta":{"footnotes":""},"class_list":["post-3","page","type-page","status-publish","hentry"],"yoast_head":"<!-- This site is optimized with the Yoast SEO plugin v27.3 - https:\/\/yoast.com\/product\/yoast-seo-wordpress\/ -->\n<title>Av\u00eds legal - Cros Pare Manyanet Reus<\/title>\n<meta name=\"robots\" content=\"index, follow, max-snippet:-1, max-image-preview:large, max-video-preview:-1\" \/>\n<link rel=\"canonical\" href=\"https:\/\/reus.manyanet.org\/cros\/avis-legal\/\" \/>\n<meta property=\"og:locale\" content=\"ca_ES\" \/>\n<meta property=\"og:type\" content=\"article\" \/>\n<meta property=\"og:title\" content=\"Av\u00eds legal - Cros Pare Manyanet Reus\" \/>\n<meta property=\"og:description\" content=\"AV\u00cdS LEGAL WEB DEL SEGURETAT DEL COL\u00b7LEGI PARE MANYANET DE REUS 1. IDENTIFICACI\u00d3 DEL TITULAR DEL DOMINI D\u2019acord amb el que disposa l\u2019article 10 de la Llei 34\/2002, de 11 de juliol, de Serveis de la Societat de la Informaci\u00f3 i del Comer\u00e7 Electr\u00f2nic, Us informem: El titular de la web \u00e9s el Col\u00b7legi Pare [&hellip;]\" \/>\n<meta property=\"og:url\" content=\"https:\/\/reus.manyanet.org\/cros\/avis-legal\/\" \/>\n<meta property=\"og:site_name\" content=\"Cros Pare Manyanet Reus\" \/>\n<meta property=\"article:publisher\" content=\"https:\/\/www.facebook.com\/PareManyanetReus\" \/>\n<meta property=\"article:modified_time\" content=\"2023-11-14T23:31:35+00:00\" \/>\n<meta property=\"og:image\" content=\"https:\/\/reus.manyanet.org\/cros\/wp-content\/uploads\/2020\/05\/logo-512.png\" \/>\n\t<meta property=\"og:image:width\" content=\"512\" \/>\n\t<meta property=\"og:image:height\" content=\"512\" \/>\n\t<meta property=\"og:image:type\" content=\"image\/png\" \/>\n<meta name=\"twitter:card\" content=\"summary_large_image\" \/>\n<meta name=\"twitter:site\" content=\"@Manyanet_Reus\" \/>\n<meta name=\"twitter:label1\" content=\"Temps estimat de lectura\" \/>\n\t<meta name=\"twitter:data1\" content=\"11 minuts\" \/>\n<script type=\"application\/ld+json\" class=\"yoast-schema-graph\">{\"@context\":\"https:\\\/\\\/schema.org\",\"@graph\":[{\"@type\":\"WebPage\",\"@id\":\"https:\\\/\\\/reus.manyanet.org\\\/cros\\\/avis-legal\\\/\",\"url\":\"https:\\\/\\\/reus.manyanet.org\\\/cros\\\/avis-legal\\\/\",\"name\":\"Av\u00eds legal - Cros Pare Manyanet Reus\",\"isPartOf\":{\"@id\":\"https:\\\/\\\/reus.manyanet.org\\\/cros\\\/#website\"},\"datePublished\":\"2019-11-12T23:07:56+00:00\",\"dateModified\":\"2023-11-14T23:31:35+00:00\",\"breadcrumb\":{\"@id\":\"https:\\\/\\\/reus.manyanet.org\\\/cros\\\/avis-legal\\\/#breadcrumb\"},\"inLanguage\":\"ca\",\"potentialAction\":[{\"@type\":\"ReadAction\",\"target\":[\"https:\\\/\\\/reus.manyanet.org\\\/cros\\\/avis-legal\\\/\"]}]},{\"@type\":\"BreadcrumbList\",\"@id\":\"https:\\\/\\\/reus.manyanet.org\\\/cros\\\/avis-legal\\\/#breadcrumb\",\"itemListElement\":[{\"@type\":\"ListItem\",\"position\":1,\"name\":\"Inici\",\"item\":\"https:\\\/\\\/reus.manyanet.org\\\/cros\\\/\"},{\"@type\":\"ListItem\",\"position\":2,\"name\":\"Av\u00eds legal\"}]},{\"@type\":\"WebSite\",\"@id\":\"https:\\\/\\\/reus.manyanet.org\\\/cros\\\/#website\",\"url\":\"https:\\\/\\\/reus.manyanet.org\\\/cros\\\/\",\"name\":\"Cros Pare Manyanet Reus\",\"description\":\"\",\"publisher\":{\"@id\":\"https:\\\/\\\/reus.manyanet.org\\\/cros\\\/#organization\"},\"potentialAction\":[{\"@type\":\"SearchAction\",\"target\":{\"@type\":\"EntryPoint\",\"urlTemplate\":\"https:\\\/\\\/reus.manyanet.org\\\/cros\\\/?s={search_term_string}\"},\"query-input\":{\"@type\":\"PropertyValueSpecification\",\"valueRequired\":true,\"valueName\":\"search_term_string\"}}],\"inLanguage\":\"ca\"},{\"@type\":\"Organization\",\"@id\":\"https:\\\/\\\/reus.manyanet.org\\\/cros\\\/#organization\",\"name\":\"Cros Pare Manyanet Reus\",\"url\":\"https:\\\/\\\/reus.manyanet.org\\\/cros\\\/\",\"logo\":{\"@type\":\"ImageObject\",\"inLanguage\":\"ca\",\"@id\":\"https:\\\/\\\/reus.manyanet.org\\\/cros\\\/#\\\/schema\\\/logo\\\/image\\\/\",\"url\":\"https:\\\/\\\/reus.manyanet.org\\\/cros\\\/wp-content\\\/uploads\\\/2020\\\/05\\\/logo-512.png\",\"contentUrl\":\"https:\\\/\\\/reus.manyanet.org\\\/cros\\\/wp-content\\\/uploads\\\/2020\\\/05\\\/logo-512.png\",\"width\":512,\"height\":512,\"caption\":\"Cros Pare Manyanet Reus\"},\"image\":{\"@id\":\"https:\\\/\\\/reus.manyanet.org\\\/cros\\\/#\\\/schema\\\/logo\\\/image\\\/\"},\"sameAs\":[\"https:\\\/\\\/www.facebook.com\\\/PareManyanetReus\",\"https:\\\/\\\/x.com\\\/Manyanet_Reus\",\"https:\\\/\\\/www.instagram.com\\\/manyanetreus\\\/\",\"https:\\\/\\\/www.youtube.com\\\/c\\\/PareManyanetReus1\"]}]}<\/script>\n<!-- \/ Yoast SEO plugin. -->","yoast_head_json":{"title":"Av\u00eds legal - Cros Pare Manyanet Reus","robots":{"index":"index","follow":"follow","max-snippet":"max-snippet:-1","max-image-preview":"max-image-preview:large","max-video-preview":"max-video-preview:-1"},"canonical":"https:\/\/reus.manyanet.org\/cros\/avis-legal\/","og_locale":"ca_ES","og_type":"article","og_title":"Av\u00eds legal - Cros Pare Manyanet Reus","og_description":"AV\u00cdS LEGAL WEB DEL SEGURETAT DEL COL\u00b7LEGI PARE MANYANET DE REUS 1. IDENTIFICACI\u00d3 DEL TITULAR DEL DOMINI D\u2019acord amb el que disposa l\u2019article 10 de la Llei 34\/2002, de 11 de juliol, de Serveis de la Societat de la Informaci\u00f3 i del Comer\u00e7 Electr\u00f2nic, Us informem: El titular de la web \u00e9s el Col\u00b7legi Pare [&hellip;]","og_url":"https:\/\/reus.manyanet.org\/cros\/avis-legal\/","og_site_name":"Cros Pare Manyanet Reus","article_publisher":"https:\/\/www.facebook.com\/PareManyanetReus","article_modified_time":"2023-11-14T23:31:35+00:00","og_image":[{"width":512,"height":512,"url":"https:\/\/reus.manyanet.org\/cros\/wp-content\/uploads\/2020\/05\/logo-512.png","type":"image\/png"}],"twitter_card":"summary_large_image","twitter_site":"@Manyanet_Reus","twitter_misc":{"Temps estimat de lectura":"11 minuts"},"schema":{"@context":"https:\/\/schema.org","@graph":[{"@type":"WebPage","@id":"https:\/\/reus.manyanet.org\/cros\/avis-legal\/","url":"https:\/\/reus.manyanet.org\/cros\/avis-legal\/","name":"Av\u00eds legal - Cros Pare Manyanet Reus","isPartOf":{"@id":"https:\/\/reus.manyanet.org\/cros\/#website"},"datePublished":"2019-11-12T23:07:56+00:00","dateModified":"2023-11-14T23:31:35+00:00","breadcrumb":{"@id":"https:\/\/reus.manyanet.org\/cros\/avis-legal\/#breadcrumb"},"inLanguage":"ca","potentialAction":[{"@type":"ReadAction","target":["https:\/\/reus.manyanet.org\/cros\/avis-legal\/"]}]},{"@type":"BreadcrumbList","@id":"https:\/\/reus.manyanet.org\/cros\/avis-legal\/#breadcrumb","itemListElement":[{"@type":"ListItem","position":1,"name":"Inici","item":"https:\/\/reus.manyanet.org\/cros\/"},{"@type":"ListItem","position":2,"name":"Av\u00eds legal"}]},{"@type":"WebSite","@id":"https:\/\/reus.manyanet.org\/cros\/#website","url":"https:\/\/reus.manyanet.org\/cros\/","name":"Cros Pare Manyanet Reus","description":"","publisher":{"@id":"https:\/\/reus.manyanet.org\/cros\/#organization"},"potentialAction":[{"@type":"SearchAction","target":{"@type":"EntryPoint","urlTemplate":"https:\/\/reus.manyanet.org\/cros\/?s={search_term_string}"},"query-input":{"@type":"PropertyValueSpecification","valueRequired":true,"valueName":"search_term_string"}}],"inLanguage":"ca"},{"@type":"Organization","@id":"https:\/\/reus.manyanet.org\/cros\/#organization","name":"Cros Pare Manyanet Reus","url":"https:\/\/reus.manyanet.org\/cros\/","logo":{"@type":"ImageObject","inLanguage":"ca","@id":"https:\/\/reus.manyanet.org\/cros\/#\/schema\/logo\/image\/","url":"https:\/\/reus.manyanet.org\/cros\/wp-content\/uploads\/2020\/05\/logo-512.png","contentUrl":"https:\/\/reus.manyanet.org\/cros\/wp-content\/uploads\/2020\/05\/logo-512.png","width":512,"height":512,"caption":"Cros Pare Manyanet Reus"},"image":{"@id":"https:\/\/reus.manyanet.org\/cros\/#\/schema\/logo\/image\/"},"sameAs":["https:\/\/www.facebook.com\/PareManyanetReus","https:\/\/x.com\/Manyanet_Reus","https:\/\/www.instagram.com\/manyanetreus\/","https:\/\/www.youtube.com\/c\/PareManyanetReus1"]}]}},"_links":{"self":[{"href":"https:\/\/reus.manyanet.org\/cros\/wp-json\/wp\/v2\/pages\/3","targetHints":{"allow":["GET"]}}],"collection":[{"href":"https:\/\/reus.manyanet.org\/cros\/wp-json\/wp\/v2\/pages"}],"about":[{"href":"https:\/\/reus.manyanet.org\/cros\/wp-json\/wp\/v2\/types\/page"}],"author":[{"embeddable":true,"href":"https:\/\/reus.manyanet.org\/cros\/wp-json\/wp\/v2\/users\/1"}],"replies":[{"embeddable":true,"href":"https:\/\/reus.manyanet.org\/cros\/wp-json\/wp\/v2\/comments?post=3"}],"version-history":[{"count":3,"href":"https:\/\/reus.manyanet.org\/cros\/wp-json\/wp\/v2\/pages\/3\/revisions"}],"predecessor-version":[{"id":5207,"href":"https:\/\/reus.manyanet.org\/cros\/wp-json\/wp\/v2\/pages\/3\/revisions\/5207"}],"wp:attachment":[{"href":"https:\/\/reus.manyanet.org\/cros\/wp-json\/wp\/v2\/media?parent=3"}],"curies":[{"name":"wp","href":"https:\/\/api.w.org\/{rel}","templated":true}]}}